0
Let g(x) = 17*x**2 + 16*x + 6*x - 5*x + 10 - 29 - 30. What is the remainder when g(6) is divided by 18?
17
Let s be (-6)/27 + 2639/9 + -1. Let x = s - 197. Calculate the remainder when x is divided by 32.
31
Let n(j) = -j**3 + 9*j**2 - 4*j. Let m be n(9). Let u = 57 + m. Let z = 108 - 34. What is the remainder when z is divided by u?
11
Let d(t) = -t**3 + 32*t**2 - 107*t - 27. Let w be d(28). Suppose b = -2*x + 6*b + w, -2*b = -3*x + 142. What is the remainder when 175 is divided by x?
43
Let a(c) = 196 - 4*c**2 - 8*c - 53*c**3 + 23*c**3 - 206. What is the remainder when a(-2) is divided by 11?
10
Let x(r) = -r**2 - 4*r - 5. Let s be x(-3). Let f be s + 8 - (2 + 0)/1. Suppose f*h - 315 = -83. Calculate the remainder when h is divided by 31.
27
Let r = 62385 - 62293. Let s = 5 + 12. Calculate the remainder when r is divided by s.
7
Let f(l) = -l**2 - 10*l + 24. What is the remainder when 78 is divided by f(0)?
6
Let t = 162 + -162. Let v(d) = -9*d + 11. Let c(q) = 2*q**2 + 15*q - 1. Calculate the remainder when c(-11) is divided by v(t).
10
Suppose -2*h - 4*l = -24, -6*h - l + 42 = -h. Suppose -172 = 3*z - 58. Let r = -34 - z. Calculate the remainder when h is divided by r.
0
Calculate the remainder when ((-798)/2 - 280/(-80))*(0 + -2) is divided by 25.
16
Suppose w - 2*s - 2087 = 0, -375*w + 371*w - 2*s = -8368. What is the remainder when w is divided by 13?
11
Suppose 45 - 6 = 3*p. Suppose 0 = 2*z + 5*w + 1, 4*z = 3*w + w - 72. Let q(y) = -5*y - 15. Calculate the remainder when q(z) is divided by p.
11
Calculate the remainder when ((-2193)/86)/((-15)/8*1)*85 is divided by 48.
4
Suppose 2*r - 12 = 3*j, -54 + 3 = -3*r - j. Calculate the remainder when 2813 is divided by r.
8
Calculate the remainder when 1042 is divided by 63 - 22 - (-1)/6*-2*-9.
30
Suppose 24*d = 28*d + 208. Let h be (d/(-10))/((-22)/(-440)). Let k = -94 + h. Calculate the remainder when 129 is divided by k.
9
Let j be (7/(-4))/((-6)/72). Let a be 40/70*j/6. Suppose -z = -0*z - 5*g + 2, z - a*g = 13. Calculate the remainder when 65 is divided by z.
19
Suppose l + 110 = 4*z, 5*z = -l - l + 131. What is the remainder when z is divided by 2997/(-297) + 28 + (-1)/(-11)?
9
Let j = 478 - 282. Suppose -j = -3*k - 11*k. What is the remainder when 530 is divided by k?
12
Suppose -3*g - 7 = -49. Suppose g*q = -0*q + 2072. What is the remainder when q is divided by 44?
16
Let z = 2993 - 1986. Calculate the remainder when z is divided by 56.
55
What is the remainder when (439 - (-7 - -24))/((4 + 0)/2) is divided by 15?
1
Suppose 26*p + 2*p - 252 = 14*p. Let u(b) = 2*b**2 + 3*b - 5. Calculate the remainder when u(-6) is divided by p.
13
Let s(r) = 129*r - 1106. What is the remainder when 364 is divided by s(10)?
180
Suppose -9*l + 10*l = -a + 5, 5*l + a = 5. Suppose 4*z + 2*q - 22 = -l*z, -q = -4*z + 37. Calculate the remainder when z is divided by (8/(-10))/((-4)/20).
0
Suppose 478 = 3*d + j - 457, -d + 4*j = -329. What is the remainder when d is divided by 25?
13
Suppose -12664 = -359*t + 3850. Calculate the remainder when 1366 is divided by t.
32
Suppose -2*x - 12 = 4*m, m = -4*x - 1 + 5. Suppose -6*b = -2*f - x*b + 282, 5*f - 745 = 2*b. What is the remainder when f is divided by 51?
49
Suppose -10*r - 520 = -6*r. Let k be (-14)/(-8) + -1 + r/(-8). Suppose -l + k = -23. Calculate the remainder when l is divided by 14.
12
Let q = 105 - 96. Let w be -1041*(-1)/q*3. Suppose -2*m - 5*g - 830 = -7*m, 0 = 2*m + g - w. What is the remainder when m is divided by 29?
26
Suppose -v + b = -144, 497*b = 4*v + 492*b - 581. Calculate the remainder when 963 is divided by v.
129
Let o(s) = -s**3 - 69*s**2 - 5*s - 23. Calculate the remainder when o(-69) is divided by 87.
61
Suppose -82*t + 3240 = 102*t - 49*t. What is the remainder when 49 is divided by t?
1
Let a(h) = -5*h**3 - 6*h**2 - 6*h + 1. Let s be a(-2). Let y = s - -15. Let k(f) = 5*f**2 + 3*f + 2. What is the remainder when y is divided by k(-2)?
12
Let c(l) = -l**2 + 21*l - 2. Let g be c(7). Suppose -4*k = -4*v - g, -2*k - v + 26 = -37. Calculate the remainder when 52 is divided by k.
23
Let c be (-3 - (0 + -1))*(-6739)/46. Let j = -247 + c. Calculate the remainder when 100 is divided by j.
8
Suppose 37*w - 49*w + 7020 = 0. Calculate the remainder when 145 is divided by 14/(144/w + 2/13).
5
Suppose -157*a + 2477 + 1355 = -250. Calculate the remainder when 82 is divided by a.
4
Suppose 11*u + 14 = 5*v + 13*u, 3*v = -2*u + 10. Suppose 4*f + 15 = 47. What is the remainder when -2*(6/(-4) + v) + f is divided by 3?
1
Suppose 0 = 2*g + 26 - 72. Let i = g + -1. Suppose -2*s - 5 = 1, 4*a + s = 329. Calculate the remainder when a is divided by i.
17
Suppose 5*m = 2*r + 63 + 107, m - 162 = 2*r. Let a = 114 + r. Calculate the remainder when 101 is divided by a.
33
Let c(m) = -2*m**3 - 2*m - 32. What is the remainder when c(-4) is divided by (12/(-8))/3*-66?
5
Let c be (-2)/6 + (-22)/6. What is the remainder when (0 - 1)/(1 - 168/165) is divided by (-4 - 11)*c/3?
15
Suppose -18*k - 3*k + 173 = -730. Let s = -165 - -288. What is the remainder when s is divided by k?
37
Let o(h) = 3*h**3 - 6*h**2 - 4*h + 9. What is the remainder when o(6) is divided by 9/(-216)*66 + (-3)/(-8)*58?
18
Let k be 2/1 + (7 - 5). Suppose -k*q = 5*v - 46, 0 = 4*q - 2*v - 2*v - 64. Let o = q + 11. What is the remainder when o is divided by 4?
1
Let s = -159 + 174. Let o = -220 - -330. What is the remainder when o is divided by (40/s)/2*12?
14
Let i(j) = -j**3 + 35*j**2 - 2*j + 66. Let d be i(35). Calculate the remainder when 46*(12/4 - 10/d) is divided by 83.
4
Let z(n) = n**2 - 30*n - 137. What is the remainder when 160 is divided by z(36)?
2
Let o be (-4*28)/(-4) - -4. Let f = 38 - o. What is the remainder when 12 is divided by (-2*(-9)/f - 1) + 2?
0
Let o(p) = -3*p**2 + 43*p + 17. Let m be o(14). Suppose 0 = -5*w - 4*v + 53, 0 = 5*w + 2*v - m - 18. Calculate the remainder when 197 is divided by w.
8
Suppose -4*c - 34 = -3*n, 0 = 3*n + 4*c + 11 - 13. Suppose n*y - 310 - 140 = 0. What is the remainder when 672 is divided by y?
72
What is the remainder when (-50800)/(-120) - (0 + (-8)/(-6)) is divided by 70?
2
Let n be (0 - 16/3)/(14/(-21)). Suppose -23*p + 315 = -n*p. What is the remainder when 167 is divided by p?
20
Let o(l) = -l**3 - 7*l**2 + 4. Let i be o(-7). Suppose 0 = -2*r - 10, 2*r = -5*n + i*r + 450. Calculate the remainder when n is divided by 4/(-22) + 664/22.
28
Let a be (0 + 2 + -5)*(-1)/1. Suppose -a*i - 5700 = -23*i. Calculate the remainder when i is divided by 11.
10
What is the remainder when (-112)/(-30) + (-208)/(-780) - (-177 - -1) is divided by 125?
55
Suppose -9732 = -16*c - d, 4*c - 4*d - 461 - 1955 = 0. Calculate the remainder when 1865 is divided by c.
41
Let m = 290 - 206. Let a = 91 + m. Calculate the remainder when a is divided by 62.
51
Let s be (-5)/(-35) - 26/(-14). Let p = 25 + -17. Let m = p + s. Calculate the remainder when 47 is divided by m.
7
Suppose 18 - 1 = 2*w + 3*o, -2*o = -5*w + 71. Calculate the remainder when 42 is divided by w.
3
Let y = 10 - 9. Let k be (y/((-1)/1))/((-4)/12). Calculate the remainder when (-18)/(-42) + 844*k/21 is divided by 31.
28
Let x(t) = 3*t**3 + 60*t**2 - 3*t + 27. What is the remainder when 2435 is divided by x(-20)?
86
Suppose -20*m = -40*m + 1180. Let p(s) be the first derivative of s**2/2 + 2*s - 6. Calculate the remainder when m is divided by p(8).
9
Let p(d) = -d**3 + 10*d**2 - 11*d - 7. Let t = 44 - 35. Let z be p(t). Let w = 48 + z. Calculate the remainder when 91 is divided by w.
22
Let k(b) = -b - 11. Let f be k(-11). Suppose f = -z + 13 - 6. Let q = 6 + z. Calculate the remainder when 24 is divided by q.
11
Let k = 315 - 302. Suppose 0 = -6*z + 2 + 4. Calculate the remainder when ((-135)/12)/(z/(-4)) is divided by k.
6
Suppose -205*w + 6070 = -203*w. Calculate the remainder when w is divided by 22.
21
Let j = 4500 - 4489. What is the remainder when 29 is divided by j?
7
Let z(s) = -19*s**2 + 5*s - 4. Let c be z(1). What is the remainder when 144 is divided by (-22)/(c/3 - -5)?
12
Let t be 1*((8 - 3) + 119). Let z = t + -134. Calculate the remainder when (15/(-2))/(-5)*(-8 - z) is divided by 1.
0
Suppose -195*p - 189*p + 10*p + 916674 = 0. What is the remainder when p is divided by 814?
9
Suppose